
List the prime factors of 3243801971.
3243801971
List the prime factors of 20682431.
7, 11, 19, 67, 211
List the prime factors of 606543656.
2, 811, 93487
List the prime factors of 1175654686.
2, 17, 34578079
What are the prime factors of 355722123?
3, 19, 1381, 4519
List the prime factors of 1272515941.
2897, 439253
List the prime factors of 83610012.
2, 3, 17, 24109
List the prime factors of 10891905.
3, 5, 419, 1733
What are the prime factors of 89393734?
2, 109, 410063
What are the prime factors of 9391368606?
2, 3, 1565228101
What are the prime factors of 5590195801?
37, 151086373
What are the prime factors of 705949384?
2, 7, 12606239
What are the prime factors of 67673224?
2, 71, 283, 421
List the prime factors of 67608401.
7, 71, 136033
List the prime factors of 4296362136.
2, 3, 11, 67, 293, 829
What are the prime factors of 29178056?
2, 3647257
List the prime factors of 335541514.
2, 7, 11, 107, 2909
List the prime factors of 573009819.
3, 4861, 39293
What are the prime factors of 577312797?
3, 43, 47, 95219
What are the prime factors of 2758627877?
2758627877
What are the prime factors of 689756972?
2, 113, 181, 8431
What are the prime factors of 785330034?
2, 3, 29, 4513391
What are the prime factors of 1870813005?
3, 5, 59, 2113913
What are the prime factors of 953735274?
2, 3, 31, 1709203
What are the prime factors of 43471508?
2, 613, 17729
What are the prime factors of 122048395?
5, 7, 31, 197, 571
List the prime factors of 5435074252.
2, 6917, 196439
What are the prime factors of 477937628?
2, 7, 19, 677, 1327
What are the prime factors of 27332676?
2, 3, 7, 108463
List the prime factors of 32023401.
3, 10674467
What are the prime factors of 151116371?
7, 23, 938611
List the prime factors of 77421488.
2, 4838843
List the prime factors of 383277742.
2, 911, 210361
List the prime factors of 711579043.
7, 101654149
What are the prime factors of 51681914?
2, 109, 237073
What are the prime factors of 179614996?
2, 11, 17, 109, 2203
What are the prime factors of 281472426?
2, 3, 103, 157, 967
List the prime factors of 252926364.
2, 3, 47, 448451
What are the prime factors of 2693112338?
2, 7, 192365167
What are the prime factors of 63194722?
2, 19, 307, 5417
What are the prime factors of 5715841737?
3, 1905280579
List the prime factors of 89607573.
3, 11, 73, 4133
List the prime factors of 29146655.
5, 79, 113, 653
List the prime factors of 289136193.
3, 96378731
What are the prime factors of 630064348?
2, 1187, 132701
What are the prime factors of 42987668?
2, 103, 1013
List the prime factors of 1088176568.
2, 136022071
What are the prime factors of 97777284?
2, 3, 11, 740737
What are the prime factors of 9330914594?
2, 67, 69633691
What are the prime factors of 30680802?
2, 3, 568163
What are the prime factors of 130636160?
2, 5, 17, 12007
What are the prime factors of 65728367?
65728367
List the prime factors of 284903204.
2, 17, 523, 8011
List the prime factors of 796155101.
7, 17, 6690379
What are the prime factors of 5990943257?
13, 19, 24254831
What are the prime factors of 48708190?
2, 5, 4870819
List the prime factors of 3380946652.
2, 163, 449, 11549
What are the prime factors of 109443191?
11, 13, 191, 4007
What are the prime factors of 9342730?
2, 5, 349, 2677
What are the prime factors of 67951528?
2, 8493941
What are the prime factors of 3259700818?
2, 11, 41, 571, 6329
What are the prime factors of 166767167?
7, 271, 87911
List the prime factors of 45458221.
17, 2674013
What are the prime factors of 4911690672?
2, 3, 7, 67, 72727
What are the prime factors of 641064802?
2, 7, 1223, 37441
List the prime factors of 3643202094.
2, 3, 7, 73, 1188259
What are the prime factors of 73028994?
2, 3, 31, 392629
List the prime factors of 365749345.
5, 13, 73, 77081
What are the prime factors of 6573238544?
2, 2269, 181061
List the prime factors of 805400.
2, 5, 4027
List the prime factors of 118112346.
2, 3, 11, 113, 5279
What are the prime factors of 1382283341?
23609, 58549
List the prime factors of 314098973.
173, 983, 1847
List the prime factors of 34621111.
7, 67, 73819
List the prime factors of 15886660.
2, 5, 19, 97, 431
What are the prime factors of 116938214?
2, 2179, 26833
List the prime factors of 17196036.
2, 3, 11, 13, 911
What are the prime factors of 817327327?
817327327
What are the prime factors of 2430394825?
5, 173, 269, 2089
What are the prime factors of 1868695406?
2, 14293, 65371
What are the prime factors of 1925055375?
3, 5, 47, 239, 457
What are the prime factors of 176916758?
2, 37, 2390767
List the prime factors of 23312360.
2, 5, 582809
List the prime factors of 7274241561.
3, 19, 127618273
What are the prime factors of 24163301?
24163301
List the prime factors of 153286842.
2, 3, 25547807
List the prime factors of 664476771.
3, 7, 2579, 12269
What are the prime factors of 1446946056?
2, 3, 20096473
What are the prime factors of 23137653?
3, 7, 11, 41, 349
List the prime factors of 52072391.
7, 23, 281, 1151
List the prime factors of 233679304.
2, 29209913
What are the prime factors of 260408732?
2, 65102183
What are the prime factors of 2596641978?
2, 3, 7, 439, 140831
What are the prime factors of 375931599?
3, 293, 427681
What are the prime factors of 1796135359?
28723, 62533
List the prime factors of 13824335.
5, 7, 394981
List the prime factors of 6054866504.
2, 59, 283, 45329
What are the prime factors of 1252483418?
2, 626241709
List the prime factors of 1721210905.
5, 67, 5137943
What are the prime factors of 861535064?
2, 13, 1321, 6271
List the prime factors of 3849107779.
11, 223, 1051, 1493
What are the prime factors of 38538471?
3, 227, 56591
List the prime factors of 48593265.
3, 5, 7, 191, 2423
List the prime factors of 7721910422.
2, 19, 203208169
List the prime factors of 56394570.
2, 3, 5, 67, 28057
List the prime factors of 27500616.
2, 3, 11, 13, 2671
What are the prime factors of 136849568?
2, 4276549
What are the prime factors of 1074830179?
1074830179
List the prime factors of 2725427955.
3, 5, 37, 4910681
List the prime factors of 271654895.
5, 54330979
List the prime factors of 378779688.
2, 3, 7, 131, 5737
What are the prime factors of 367208146?
2, 183604073
List the prime factors of 1000311154.
2, 500155577
List the prime factors of 481796811.
3, 43, 1244953
List the prime factors of 1463192994.
2, 3, 31, 41, 313, 613
What are the prime factors of 123599479?
29, 4262051
List the prime factors of 46875349.
46875349
List the prime factors of 600682325.
5, 47, 73, 149
List the prime factors of 4820573768.
2, 379, 1589899
What are the prime factors of 28238703?
3, 9412901
List the prime factors of 3113929468.
2, 13, 263, 227693
List the prime factors of 101700866.
2, 577, 88129
List the prime factors of 5246233369.
13, 23, 1349687
What are the prime factors of 307217162?
2, 7, 1423, 2203
List the prime factors of 104068570.
2, 5, 10406857
What are the prime factors of 1569772636?
2, 2141, 183299
List the prime factors of 1971358656.
2, 3, 10267493
List the prime factors of 888012286.
2, 7, 149, 425701
List the prime factors of 207343689.
3, 7, 23, 429283
List the prime factors of 2872758468.
2, 3, 31, 263, 29363
List the prime factors of 426397962.
2, 3, 19, 29, 101, 1277
List the prime factors of 182992199.
13, 17, 53, 919
What are the prime factors of 387064959?
3, 17, 233, 32573
List the prime factors of 32800934.
2, 109, 379, 397
What are the prime factors of 858679147?
137, 6267731
What are the prime factors of 1525093844?
2, 23, 1129, 14683
What are the prime factors of 488645924?
2, 13, 722849
List the prime factors of 1389189969.
3, 17, 9079673
What are the prime factors of 369818413?
19, 2161, 9007
List the prime factors of 1853451432.
2, 3, 7, 107, 34369
List the prime factors of 13032505.
5, 67, 38903
List the prime factors of 4184636619.
3, 37, 37699429
List the prime factors of 1133611000.
2, 5, 17, 66683
List the prime factors of 3896288874.
2, 3, 383, 565171
What are the prime factors of 29465611?
7, 601339
List the prime factors of 506857245.
3, 5, 139, 283, 859
List the prime factors of 1190539041.
3, 23, 557, 30977
What are the prime factors of 6331855991?
37, 2203, 77681
List the prime factors of 78455251.
7, 11207893
What are the prime factors of 55285